t is the millions digit of 12175839?
2
What is the units digit of 412948?
8
What is the tens digit of 1135608?
0
What is the hundreds digit of 602515?
5
What is the tens digit of 1399798?
9
What is the ten thousands digit of 294794?
9
What is the millions digit of 13996240?
3
What is the tens digit of 1503202?
0
What is the tens digit of 179278?
7
What is the tens digit of 77180?
8
What is the hundred thousands digit of 137233?
1
What is the hundred thousands digit of 221732?
2
What is the ten thousands digit of 13199856?
9
What is the thousands digit of 28353?
8
What is the ten thousands digit of 11479430?
7
What is the ten thousands digit of 34187?
3
What is the hundreds digit of 130190?
1
What is the thousands digit of 1087202?
7
What is the hundreds digit of 820158?
1
What is the thousands digit of 2403797?
3
What is the hundred thousands digit of 9616842?
6
What is the millions digit of 6162680?
6
What is the ten thousands digit of 594815?
9
What is the ten thousands digit of 11671?
1
What is the ten millions digit of 25383363?
2
What is the thousands digit of 3990042?
0
What is the tens digit of 73869?
6
What is the tens digit of 291743?
4
What is the millions digit of 30609118?
0
What is the tens digit of 2899644?
4
What is the ten thousands digit of 3387086?
8
What is the thousands digit of 94458?
4
What is the units digit of 649681?
1
What is the units digit of 4420?
0
What is the tens digit of 98449?
4
What is the millions digit of 33808902?
3
What is the thousands digit of 22527?
2
What is the hundreds digit of 5341902?
9
What is the millions digit of 6198484?
6
What is the tens digit of 447158?
5
What is the thousands digit of 9430580?
0
What is the thousands digit of 2129505?
9
What is the thousands digit of 8468665?
8
What is the thousands digit of 531870?
1
What is the millions digit of 2361169?
2
What is the ten thousands digit of 2258867?
5
What is the hundred thousands digit of 993399?
9
What is the thousands digit of 280412?
0
What is the units digit of 1451?
1
What is the tens digit of 5111646?
4
What is the millions digit of 9336339?
9
What is the hundred thousands digit of 2191289?
1
What is the thousands digit of 143473?
3
What is the hundreds digit of 20618648?
6
What is the hundreds digit of 866781?
7
What is the ten thousands digit of 166475?
6
What is the millions digit of 30413456?
0
What is the units digit of 2114928?
8
What is the thousands digit of 275579?
5
What is the hundreds digit of 4665337?
3
What is the thousands digit of 533431?
3
What is the millions digit of 2348501?
2
What is the millions digit of 8607609?
8
What is the hundred thousands digit of 4087585?
0
What is the thousands digit of 1538486?
8
What is the units digit of 175375?
5
What is the units digit of 591137?
7
What is the tens digit of 576253?
5
What is the thousands digit of 1473304?
3
What is the thousands digit of 79285?
9
What is the millions digit of 2343224?
2
What is the hundreds digit of 14110398?
3
What is the ten thousands digit of 33645?
3
What is the ten thousands digit of 193649?
9
What is the tens digit of 22673676?
7
What is the tens digit of 5300168?
6
What is the tens digit of 739386?
8
What is the tens digit of 65439?
3
What is the ten thousands digit of 209907?
0
What is the units digit of 7491485?
5
What is the thousands digit of 5830?
5
What is the ten thousands digit of 364824?
6
What is the units digit of 489468?
8
What is the ten thousands digit of 462775?
6
What is the hundred thousands digit of 1359350?
3
What is the tens digit of 539498?
9
What is the ten thousands digit of 2134536?
3
What is the hundreds digit of 282025?
0
What is the thousands digit of 9835991?
5
What is the hundred thousands digit of 122910?
1
What is the hundred thousands digit of 16670434?
6
What is the tens digit of 12695818?
1
What is the thousands digit of 587209?
7
What is the tens digit of 684023?
2
What is the hundreds digit of 28304?
3
What is the thousands digit of 27608?
7
What is the ten thousands digit of 1232920?
3
What is the ten thousands digit of 399349?
9
What is the thousands digit of 4760690?
0
What is the hundreds digit of 3093169?
1
What is the ten thousands digit of 892791?
9
What is the tens digit of 1749464?
6
What is the tens digit of 36189?
8
What is the units digit of 9866064?
4
What is the hundreds digit of 16694126?
1
What is the hundreds digit of 276353?
3
What is the thousands digit of 1042974?
2
What is the units digit of 731168?
8
What is the thousands digit of 5410939?
0
What is the tens digit of 13571301?
0
What is the hundred thousands digit of 465781?
4
What is the ten thousands digit of 159038?
5
What is the millions digit of 1200232?
1
What is the units digit of 960901?
1
What is the tens digit of 2243653?
5
What is the hundreds digit of 866?
8
What is the hundred thousands digit of 647674?
6
What is the ten thousands digit of 1926576?
2
What is the hundred thousands digit of 276834?
2
What is the millions digit of 1048360?
1
What is the thousands digit of 1150137?
0
What is the tens digit of 131961?
6
What is the units digit of 476181?
1
What is the units digit of 1606339?
9
What is the ten millions digit of 11241440?
1
What is the tens digit of 132323?
2
What is the units digit of 8587488?
8
What is the ten thousands digit of 4240175?
4
What is the thousands digit of 924039?
4
What is the tens digit of 1801835?
3
What is the units digit of 29480350?
0
What is the tens digit of 5102504?
0
What is the hundreds digit of 155871?
8
What is the units digit of 2631799?
9
What is the thousands digit of 266178?
6
What is the units digit of 14743350?
0
What is the hundred thousands digit of 23443583?
4
What is the tens digit of 549380?
8
What is the units digit of 1343939?
9
What is the hundred thousands digit of 788890?
7
What is the tens digit of 1088413?
1
What is the thousands digit of 1443839?
3
What is the hundreds digit of 2338388?
3
What is the tens digit of 187066?
6
What is the units digit of 239265?
5
What is the millions digit of 11405279?
1
What is the hundreds digit of 609175?
1
What is the ten thousands digit of 2099637?
9
What is the ten thousands digit of 23704421?
0
What is the thousands digit of 2025143?
5
What is the hundreds digit of 1764917?
9
What is the hundred thousands digit of 485797?
4
What is the units digit of 7789631?
1
What is the tens digit of 65122?
2
What is the tens digit of 80633?
3
What is the units digit of 16833507?
7
What is the hundreds digit of 3795545?
5
What is the millions digit of 6327441?
6
What is the units digit of 902405?
5
What is the units digit of 3485616?
6
What is the ten thousands digit of 823345?
2
What is the hundreds digit of 1747088?
0
What is the tens digit of 65615?
1
What is the hundreds digit of 569708?
7
What is the tens digit of 6459688?
8
What is the thousands digit of 11892658?
2
What is the units digit of 962696?
6
What is the thousands digit of 379970?
9
What is the hundred thousands digit of 3018164?
0
What is the hundreds digit of 18892023?
0
What is the thousands digit of 1916049?
6
What is the ten thousands digit of 3223765?
2
What is the ten thousands digit of 1008364?
0
What is the thousands digit of 27533285?
3
What is the thousands digit of 710129?
0
What is the tens digit of 105259?
5
What is the tens digit of 7143282?
8
What is the hundreds digit of 273329?
3
What is the thousands digit of 612075?
2
What is the millions digit of 1559855?
1
What is the hundreds digit of 1138909?
9
What is the units digit of 41978?
8
What is the thousands digit of 748055?
8
What is the hundred thousands digit of 1253288?
2
What is the hundred thousands digit of 607037?
6
What is the ten thousands digit of 2357267?
5
What is the millions digit of 16583952?
6
What is the ten thousands digit of 8946076?
4
What is the ten thousands digit of 16929624?
2
What is the thousands digit of 1055150?
5
What is the ten thousands digit of 430378?
3
What is the ten thousands digit of 6082139?
8
What is the tens digit of 575065?
6
What is the hundred thousands digit of 239032?
2
What is the units digit of 121953?
3
What is the units digit of 1272022?
2
What is the units digit of 7757784?
4
What is the thousands digit of 6571175?
1
What is the hundreds digit of 7164